-0*n + 2*n - 24. What is the remainder when n is divided by 7?
5
Suppose -5*i = -3 - 2, 0 = y - i + 14. Let j = 55 + y. Suppose -j = -3*z + z. What is the remainder when 41 is divided by z?
20
Let l(k) = 4*k - 7. Suppose 6 = 2*y - 4. What is the remainder when l(y) is divided by 7?
6
What is the remainder when 46 - (96/40 + (-4)/10) is divided by 14?
2
Let z(j) be the first derivative of -3*j - j**2 + 5 - 1 - 3*j**2 - 3. What is the remainder when z(-5) is divided by 10?
7
Let u(t) = t**3 + 2*t**2 + t + 2. Calculate the remainder when 98 is divided by u(3).
48
Suppose 5*c = -3*l - 34, c = 2*c - 4*l - 7. Let p = c + 7. Let x(f) = 2*f - 3. Calculate the remainder when x(4) is divided by p.
1
Let g(r) = -r + 1. Let t(p) = -p**3 - 7*p**2 - 6. Let i(j) = -5*g(j) - t(j). Let y = 15 - 21. Calculate the remainder when i(y) is divided by 3.
1
Suppose -4*d = -6*d - 3*x + 264, 0 = 3*d + x - 396. Let b be (2 + -3)*(-2 - 8). Suppose -7*r + b*r = d. What is the remainder when r is divided by 15?
14
Suppose -3*s = -21 + 3. Let u = 8 - s. What is the remainder when 7 is divided by u?
1
Let y = 183 - 106. Let z = -7 - -11. Suppose z*v - 97 = 7. What is the remainder when y is divided by v?
25
Let h(m) = -3*m - 18. What is the remainder when 29 is divided by h(-11)?
14
Suppose -3*y = -5*q - 7 + 244, 245 = 5*q + 5*y. What is the remainder when q is divided by 13?
9
Suppose -4*l + 19 = -9. Suppose -27 = -3*d + 12. What is the remainder when d is divided by l?
6
Let o = 9 - -7. Let p(u) be the second derivative of -u**5/20 + u**4/3 + u**3/6 - 3*u**2/2 - 3*u. What is the remainder when o is divided by p(3)?
7
Suppose -156 = -4*q + j, -5*j = -2*q + 132 - 36. Suppose -44 = -20*h + 216. Calculate the remainder when q is divided by h.
12
Suppose 24 = 4*h + 4*f, 4*h - 4*f - 3 = -11. Let g = -40 - -63. Calculate the remainder when g is divided by (-1)/(-2)*52/h.
10
Calculate the remainder when (2/(-3))/(1/(-27)) is divided by -6 - 188/(-20) - (-3)/5.
2
Let y(x) = -58*x**3 + x**2 + 2*x + 1. Let a(o) = -o**2 + 5*o - 5. Let s be a(4). Suppose -2*r - 40 = -4*r. Calculate the remainder when y(s) is divided by r.
18
Suppose -4*k = -65 + 25. Suppose 3*l - 8*l + 30 = 0. Calculate the remainder when k is divided by l.
4
Suppose k - 8 = 3*k. Let j(z) = -z**2 - 9*z - 10. Let v be j(-8). Let w = v - k. What is the remainder when 7 is divided by w?
1
Let r = -23 - -40. Suppose -4*y - 3*l = 2 - 15, 3*y = 5*l + r. Calculate the remainder when 11 is divided by y.
3
Suppose -11*x - 28 = -259. Suppose -4*y + 35 = y + 5*k, -5*y = 4*k - 36. What is the remainder when x is divided by y?
5
Let a be (-5)/(50/(-4))*5. Suppose a = -v - v. What is the remainder when 25 is divided by -6*(-8)/6 + v?
4
Let f(w) = -12*w**3 - 2*w - 13*w**3 + w - 2*w**2. Let i = -7 + 16. Calculate the remainder when f(-1) is divided by i.
6
Suppose -3*i - 146 = -2*v, 0*v = v + 4*i - 84. What is the remainder when v is divided by 13?
11
Suppose -5*l + 32 + 63 = 0. Suppose -4*f + 2*f = 0. Suppose -3*k = 3*i - 15, -5*i - 2*k = -f*k - 31. Calculate the remainder when l is divided by i.
5
Suppose 4*c + 3*l - 12 = 5*l, -5*l = 4*c + 2. Let k(a) = 2*a**2 + a**c + a**3 - 2*a**2 + 2. Calculate the remainder when 41 is divided by k(2).
13
Let t(l) = -l**3 - l**2 + 4. Let z be t(0). Let k be (6/z)/((-1)/(-2)). Suppose -24 - 3 = -k*u. What is the remainder when 16 is divided by u?
7
What is the remainder when 64 is divided by (-136)/(-6) - (-2)/(-3)?
20
Let k = 563 + -528. Suppose -l + 6 + 3 = 0. What is the remainder when k is divided by l?
8
Let v be 378/(-49) + (-2)/7. Let m = v - -39. Suppose -121 = -5*t - m. Calculate the remainder when 52 is divided by t.
16
Suppose 3*x + 12 = -3*w, -4*w + x - 2*x = 7. Suppose 2*i - i - 59 = 0. What is the remainder when i is divided by 0 - (-2 - w - 19)?
19
Let a(v) be the first derivative of -v**3/3 + 4*v**2 - 8*v - 1. Let q = 12 - 6. What is the remainder when 10 is divided by a(q)?
2
Let f(g) = -g**3 - g**2 + g + 1. What is the remainder when 45 is divided by f(-3)?
13
Let a be (-3)/(-12) + 21/12. Suppose -93 = -3*k + 2*c, 4*c = a*k + k - 93. Calculate the remainder when k is divided by 16.
15
Let k(i) = -21*i + 3. Calculate the remainder when k(-2) is divided by 12.
9
Let y = -126 - -182. Calculate the remainder when y is divided by 19.
18
Suppose -m = -7*b + 4*b + 112, 2*m = 4*b - 146. What is the remainder when b is divided by 21?
18
Let r be (9 + -10)/((-2)/(-22)). Let a = -1 - r. What is the remainder when a is divided by ((-1)/2)/(2/(-12))?
1
Suppose -5*y + 128 = 4*u, 2 + 2 = 2*u. Calculate the remainder when 119 is divided by y.
23
Let c be 28 + (-1)/((-4)/(-8)). Calculate the remainder when 60 is divided by 16/104 - (-542)/c.
18
Let p = 7 - 2. Suppose 19 = 3*h - p*o + 3, -3*o = -h + 4. What is the remainder when h is divided by 3?
1
Let k(c) = c + 5. What is the remainder when k(8) is divided by 2?
1
Calculate the remainder when 30 is divided by (-1)/(-3) - 232/(-24).
0
Let s be -2 - (-1 - -1 - 1). What is the remainder when (1 - s) + 37 + 0 is divided by 10?
9
Suppose -5*u + 133 = 2*g - 0*g, 4*u = -g + 107. Let r(b) = -2*b + 4. Calculate the remainder when u is divided by r(-5).
13
Let a = -4 - -7. Let j = -7 - -9. Suppose -j*s = 2*s - 28. Calculate the remainder when s is divided by a.
1
Let j(o) = -2*o**2 - 3*o - 1. Let t be j(-2). Let k = t + 6. Suppose -k - 2 = -h. What is the remainder when 8 is divided by h?
3
Suppose -7*a + 3*a - 3*l = -17, -2*a = -4*l + 8. Suppose -a*q = 2*q - 44. Calculate the remainder when 21 is divided by q.
10
Let n(j) = -j**3 + 8*j**2 + 13*j - 11. Let h(g) = g**2 - 3*g - 7. Let b be h(5). Let t(x) = 4*x - 3. What is the remainder when n(9) is divided by t(b)?
7
Let p(k) = -k**3 - 10*k**2 - k - 6. Calculate the remainder when 13 is divided by p(-10).
1
What is the remainder when 1/3 + 112/42 is divided by 3?
0
Let d(h) = -6*h + 7. Calculate the remainder when d(-3) is divided by 14.
11
Suppose 0 = -19*p + 11*p + 280. Suppose -5*f - 18 = -78. What is the remainder when p is divided by f?
11
Let x(a) = -2*a**3 + a**2. Let u be x(-1). Suppose -u*v + 52 = v. Let l(d) = d**3 - 4*d**2 - 5*d + 7. Calculate the remainder when v is divided by l(5).
6
What is the remainder when 5/15 + (-50)/(-3) is divided by 5?
2
Suppose z - 4 = 0, -z - 4 = -2*d - 0*z. What is the remainder when 8 is divided by 6 - 1 - 0/d?
3
Calculate the remainder when 62 is divided by 36/45*(2 - (-153)/6).
18
Suppose -f - 5*d = 1, 2*f + 3*d - 10 = 5*d. Calculate the remainder when f is divided by ((-1)/2)/(2/(-8)).
0
Suppose -5*x - 54 = -169. What is the remainder when x is divided by 8/(-2)*(-10 - -7)?
11
Let q = -13 + 19. Let z = 4 - 3. Calculate the remainder when 1/(-1) - z - -13 is divided by q.
5
Suppose -22 = -2*r + 92. Suppose 0 = t - 16 - 14. Calculate the remainder when r is divided by t.
27
What is the remainder when 30 + (12*1)/(-4) is divided by 15?
12
Suppose -4*v = -3*g + 259, -3*g + 7*g = -2*v + 338. Calculate the remainder when g is divided by 29.
27
Let x = -1 + 3. Let h be (21/9)/(x/12). Suppose -2*n + 10 = 3*p - 3*n, -p - 4*n = h. Calculate the remainder when p is divided by 1.
0
Let i(f) be the first derivative of -f**2/2 - 2*f - 3. Let x be i(-4). Calculate the remainder when x/(4/70) - -2 is divided by 13.
11
Let w be (-3 - 2*-2) + 20. Let c be w*1*1/3. Let h = c + -3. Calculate the remainder when 11 is divided by h.
3
Let a(b) be the first derivative of b**4/4 - b**3 + b**2 - 2*b - 1. Calculate the remainder when 13 is divided by a(3).
1
Suppose 4 = 2*t, -20 = -s + 5*t + 12. What is the remainder when s is divided by 15?
12
Let t(z) = 4*z**2 - 3*z**2 + 2*z**2 + 1. What is the remainder when 36 is divided by t(2)?
10
Let v(q) be the first derivative of -q**2/2 - q - 1. Let t be v(-11). Suppose 53 = k - 5*r + 2, t = -2*r. What is the remainder when k is divided by 7?
5
Suppose 0 = 90*m - 94*m + 1132. Calculate the remainder when m is divided by 71.
70
What is the remainder when 76 is divided by (-9 - -22) + (2 - -1)?
12
Suppose 3*g - 1 = 2*c, 0*g - 19 = -5*g - c. Suppose g*s - 15 = -2*s. Suppose 5*w = -25, 3*b + w - s*w - 139 = 0. What is the remainder when b is divided by 15?
13
Let c(g) = g**3 - 3*g**2 + 3*g - 1. What is the remainder when 2 + (-1 - 0 - -13) is